y 2345?
175
Calculate the remainder when 222221 is divided by 88.
21
What is the remainder when 6549168 is divided by 1209?
15
Calculate the remainder when 116686 is divided by 29148.
94
Calculate the remainder when 43086966 is divided by 5040.
6
Calculate the remainder when 18358 is divided by 16819.
1539
Calculate the remainder when 154061 is divided by 190.
161
What is the remainder when 988342 is divided by 2221?
2218
What is the remainder when 2332867 is divided by 812?
803
Calculate the remainder when 11756667 is divided by 2939158.
35
Calculate the remainder when 24480 is divided by 497.
127
What is the remainder when 28499160 is divided by 1239092?
44
What is the remainder when 6432475 is divided by 687?
94
Calculate the remainder when 31405 is divided by 4475.
80
Calculate the remainder when 8367594 is divided by 48.
42
Calculate the remainder when 653981 is divided by 426.
71
What is the remainder when 105774 is divided by 1854?
96
What is the remainder when 209626965 is divided by 3218?
9
What is the remainder when 1353605 is divided by 84599?
21
What is the remainder when 839375 is divided by 419649?
77
What is the remainder when 82106 is divided by 951?
320
Calculate the remainder when 126746122 is divided by 15.
7
Calculate the remainder when 6701592 is divided by 772.
632
Calculate the remainder when 9599109 is divided by 131.
84
Calculate the remainder when 684554 is divided by 395.
19
What is the remainder when 15663099 is divided by 4223?
4215
What is the remainder when 29134 is divided by 6521?
3050
What is the remainder when 93106 is divided by 46541?
24
What is the remainder when 9399 is divided by 4613?
173
What is the remainder when 2024890 is divided by 4976?
4634
Calculate the remainder when 363642 is divided by 1449.
1392
What is the remainder when 8990968 is divided by 552?
544
Calculate the remainder when 21982903 is divided by 5985.
5983
Calculate the remainder when 52023227 is divided by 152.
11
What is the remainder when 1093 is divided by 287?
232
What is the remainder when 1845298 is divided by 39261?
31
What is the remainder when 33027305 is divided by 2609?
2583
Calculate the remainder when 3771192 is divided by 2892.
24
What is the remainder when 622082 is divided by 3?
2
Calculate the remainder when 789668 is divided by 223.
25
Calculate the remainder when 1738752 is divided by 3961.
3834
What is the remainder when 8282 is divided by 599?
495
Calculate the remainder when 44354985 is divided by 7500.
7485
Calculate the remainder when 7585656 is divided by 106.
84
Calculate the remainder when 1824062 is divided by 26824.
30
Calculate the remainder when 763834 is divided by 254610.
4
Calculate the remainder when 561955061 is divided by 1019.
1017
What is the remainder when 11949 is divided by 597?
9
Calculate the remainder when 5096576 is divided by 2455.
2451
Calculate the remainder when 4173919 is divided by 173.
121
What is the remainder when 32407 is divided by 6281?
1002
What is the remainder when 88278083 is divided by 738?
737
Calculate the remainder when 3328196 is divided by 19124.
620
What is the remainder when 1498028 is divided by 374501?
24
Calculate the remainder when 6339302 is divided by 1695.
2
What is the remainder when 2243236 is divided by 1641?
1630
What is the remainder when 417127 is divided by 68984?
3223
What is the remainder when 35082 is divided by 799?
725
Calculate the remainder when 20094338 is divided by 20.
18
Calculate the remainder when 702793 is divided by 476.
217
What is the remainder when 421162 is divided by 9155?
32
Calculate the remainder when 9858323 is divided by 4929143.
37
What is the remainder when 437563 is divided by 64?
59
Calculate the remainder when 373615 is divided by 92817.
2347
Calculate the remainder when 843900 is divided by 24111.
15
Calculate the remainder when 947671 is divided by 2677.
13
Calculate the remainder when 327003 is divided by 108907.
282
Calculate the remainder when 1325836 is divided by 4143.
76
What is the remainder when 2567373 is divided by 186?
15
Calculate the remainder when 26788065 is divided by 514.
441
What is the remainder when 18724000 is divided by 3068?
3064
Calculate the remainder when 63305 is divided by 638.
143
What is the remainder when 178287 is divided by 334?
265
Calculate the remainder when 235166 is divided by 78151.
713
Calculate the remainder when 2848786 is divided by 569712.
226
What is the remainder when 40786784 is divided by 113?
112
What is the remainder when 60910 is divided by 1617?
1081
Calculate the remainder when 111015574 is divided by 1234.
1232
What is the remainder when 53190 is divided by 3239?
1366
Calculate the remainder when 9107707 is divided by 11.
4
Calculate the remainder when 248542 is divided by 1738.
8
Calculate the remainder when 163039 is divided by 117.
58
What is the remainder when 1241356565 is divided by 91?
85
What is the remainder when 1043821 is divided by 319?
53
What is the remainder when 785580 is divided by 112218?
54
What is the remainder when 3712143 is divided by 2700?
2343
What is the remainder when 20843521 is divided by 1024?
1
Calculate the remainder when 1630446 is divided by 271720.
126
What is the remainder when 1477791 is divided by 292?
271
Calculate the remainder when 3712 is divided by 1038.
598
What is the remainder when 8629 is divided by 3479?
1671
What is the remainder when 252797 is divided by 248809?
3988
What is the remainder when 3624998 is divided by 10?
8
What is the remainder when 983294 is divided by 11039?
823
What is the remainder when 6667293 is divided by 27?
21
What is the remainder when 184023 is divided by 138?
69
Calculate the remainder when 2335 is divided by 1470.
865
What is the remainder when 2213477 is divided by 122?
31
Calculate the remainder when 7389295 is divided by 100.
95
Calculate the remainder when 116347 is divided by 5288.
11
What is the remainder when 35467492 is divided by 118?
114
Calculate the remainder when 12806 is divided by 3159.
170
What is the remainder when 79584 is divided by 1207?
1129
What is the remainder when 9822 is divided by 8782?
1040
What is the remainder when 109001 is divided by 238?
235
Calculate the remainder when 21068791 is divided by 44.
7
Calculate the remainder when 435138 is divided by 932.
826
Calculate the remainder when 306457 is divided by 76571.
173
What is the remainder when 27276112 is divided by 2479646?
6
What is the remainder when 1434885 is divided by 56?
53
Calculate the remainder when 50966 is divided by 1105.
136
What is the remainder when 2064262 is divided by 34987?
29
What is the remainder when 376319 is divided by 47011?
231
Calculate the remainder when 3364 is divided by 2815.
549
What is the remainder when 258879 is divided by 3404?
175
Calculate the remainder when 56839 is divided by 10908.
2299
What is the remainder when 77608 is divided by 25554?
946
What is the remainder when 1975232 is divided by 3502?
104
What is the remainder when 997874 is divided by 24338?
16
Calculate the remainder when 4804013 is divided by 2096.
2077
Calculate the remainder when 3398113 is divided by 7230.
13
What is the remainder when 895518 is divided by 34435?
208
Calculate the remainder when 19265824 is divided by 332.
196
What is the remainder when 7637952 is divided by 169?
166
Calculate the remainder when 1417055 is divided by 34562.
13
Calculate the remainder when 12288324 is divided by 7.
6
Calculate the remainder when 64816124 is divided by 50.
24
What is the remainder when 135973 is divided by 45312?
37
Calculate the remainder when 6554720 is divided by 104043.
11
Calculate the remainder when 368199215 is divided by 7.
6
Calculate the remainder when 491196 is divided by 3168.
156
Calculate the remainder when 16920 is divided by 2.
0
What is the remainder when 2601829 is divided by 370?
359
What is the remainder when 41805106 is divided by 31?
25
Calculate the remainder when 150570 is divided by 37.
17
Calculate the remainder when 162428 is divided by 858.
266
Calculate the remainder when 3934838 is divided by 441.
236
Calculate the remainder when 51384492 is divided by 61.
44
Calculate the remainder when 7776687 is divided by 13.
9
What is the remainder when 1641813 is divided by 1